3, -2*r - 1580 = -2*o + 3*r. What is the units digit of o?
5
Suppose -a + 4 = 0, 2*a - 6*a = -4*b. Suppose -2*g + 34 = 2*v, b*v - g - g - 80 = 0. Suppose -s + 31 = 4*d - 2*s, 4*d = -3*s + v. What is the units digit of d?
7
Let l(a) = -73*a**3 - 2*a**2 + 19*a + 62. What is the tens digit of l(-4)?
2
Let j(p) = 2*p**3 - 2*p + 54. Let k(c) = c - 12. Let x be k(12). What is the tens digit of j(x)?
5
Let t be (9/(-5))/((-14)/70). Let u be (27/(-6))/(t/(-84)). Suppose -4*h + u = -22. What is the units digit of h?
6
Suppose 40 = -4*b + 3*q + 298, -5*b = 4*q - 338. What is the tens digit of b?
6
Suppose -2*z - 464 = -214. Let r = 186 + z. What is the units digit of r?
1
What is the hundreds digit of -1*(-28)/(-35) + 6398/10?
6
Suppose o = -z + 71, 334 = 3*z + 2*z - 2*o. Suppose -c = 2*w - 4*c - 22, 3*w = 3*c + 27. Suppose -w*h + 3*h = -z. What is the units digit of h?
4
Let d be (-4)/(4/3)*-1. Suppose -8*y = -d*y - 330. What is the tens digit of y?
6
Let p(d) be the first derivative of -37*d - 3*d**2 + 37*d + 4. What is the units digit of p(-1)?
6
Let u = -287 - -831. What is the tens digit of u?
4
Suppose -29*f = -f - 47460. What is the tens digit of f?
9
Suppose 2*z - 6*h = -11*h + 783, -4*h = -5*z + 2007. What is the units digit of z?
9
Let f be (-176)/40 - 6/10. Let o(g) = 2*g**2 - 6*g + 4. Let c be o(f). Suppose b = 4*b - c. What is the units digit of b?
8
Let n(f) = f**2 - 16*f - 13. Let z be n(20). Let b = z + -5. What is the units digit of b?
2
Suppose -28*b + 33*b - 80 = 0. Suppose 0 = v + 3*a + b, -3*v + 3*a + 22 = -2*a. What is the units digit of (-86 - v)*(-3)/5?
1
Suppose 0 = -4*i - 4*w + 3192, -2*w + 2244 = 3*i - 146. What is the units digit of i?
4
Suppose -3*q = 10 + 26. Let c = -8 - q. Suppose -c*g - 72 + 192 = 0. What is the tens digit of g?
3
Let c be -3*57/6*12/18. Let l be 1*-5*(-2)/(-5). What is the units digit of l + 0/(-2) - c?
7
Let r be 4 + (8/4 - 6). Suppose 4*s + z + 2*z - 128 = 0, 4*z = r. What is the units digit of s?
2
Let u = 5 + -10. Let v(r) = -r - 86 + 52 + 46 - 7*r. What is the tens digit of v(u)?
5
Suppose 2*h + 107 = 3*k, 0*k - 5*h = 5*k - 195. Suppose 3*f - 187 + k = 0. What is the units digit of f?
0
Let a = 123 - 27. Let l(r) = -a + 96 - 52*r. What is the units digit of l(-1)?
2
Let c = 3821 + -1325. What is the units digit of c?
6
Let h(a) = -a**3 - 10*a**2 - 10*a - 7. Let q be h(-9). Let f be (-6 + 1 + q)*-15. Suppose -f = -2*s - 3*b, s - 5*s - 5*b = -87. What is the tens digit of s?
1
Let v(f) = f**3 + 27*f**2 - 155*f - 4. What is the tens digit of v(-31)?
5
Let d be ((-8)/(-10))/((-2)/(-5)). Suppose 3*y + 12 = 78. Let h = d + y. What is the units digit of h?
4
Let u(j) = -3*j**2 - 38*j + 20. Let g = 8 + -2. Let f(l) = l**2 + 13*l - 7. Let n(b) = g*u(b) + 17*f(b). What is the tens digit of n(-4)?
1
Suppose -j = -23 + 21. What is the units digit of (-2516)/(-16) - ((-5)/(-4) - j)?
8
Let c be (-600)/(-7) + 2/7. Suppose -1190 = 28*x - 14. Let n = c + x. What is the units digit of n?
4
Suppose 0 = 185*p - 189*p - 988. What is the units digit of -1 - p - 5/5?
5
Let n be (-18)/(-8)*1280/48. Suppose -28 + n = b. What is the tens digit of b?
3
Let d be -2 + ((-28)/12)/7*9. What is the units digit of (d/2)/((-22)/(-8) - 3)?
0
Suppose -3*s + 32*r = 30*r - 10424, 0 = -r + 5. What is the tens digit of s?
7
Suppose -j + 139 = d - 59, 0 = -3*d. Suppose -5*q = 23 - j. What is the units digit of q?
5
Let f(o) = -38*o + 193. What is the hundreds digit of f(-18)?
8
Let r(g) = -15*g - 60. What is the units digit of r(-17)?
5
Let o = -41 + 42. What is the units digit of (21/o)/((-12)/(-8))?
4
Suppose -3*w - 7 = 14. Let m be w/(-3) - (-2)/(-6). Suppose -p + 3*b + 27 + 21 = 0, -m*b - 188 = -5*p. What is the tens digit of p?
3
Let x be (-5)/(-2) + (-4)/(24/(-9)). Suppose -x*h + 202 = 2. What is the units digit of h?
0
Suppose 3 + 6 = 3*q. Suppose -130 - 81 = -q*i + 5*z, 312 = 4*i + z. What is the units digit of i?
7
Suppose -6*m = -4*m - 8, -3*g + m - 217 = 0. Let z = 99 + g. What is the tens digit of (-3)/(((-16)/4)/z)?
2
Suppose -71*x + 897 = -68*x. What is the hundreds digit of x?
2
Let a(c) = -c**3 + 24*c**2 - 20*c - 53. What is the units digit of a(22)?
5
Let c(s) = s**3 - 11*s**2 + 12*s + 12. Let a be c(10). Let o = a - 27. Suppose 198 + 77 = o*i. What is the tens digit of i?
5
Let r(i) = 14 - 9*i - 8*i + 18*i. What is the units digit of r(-6)?
8
Let k be 4 + (0 - 0) + 2. Let b be (9/k)/((-6)/(-20)). Suppose 76 + 9 = b*h. What is the tens digit of h?
1
Let s be (-4)/(-2)*(-4 + -15). Let n = 68 + s. Suppose -n = -2*h - 3*h - 4*o, h + o = 7. What is the units digit of h?
2
Let r(d) = -46*d + 234. What is the units digit of r(-15)?
4
Suppose -9*u = 27*u - 63648. What is the tens digit of u?
6
Let s(b) = -4*b**3 - 2*b**2 + 8*b - 6. Let o(h) = 7*h**3 + 4*h**2 - 16*h + 13. Let q(z) = -3*o(z) - 5*s(z). What is the tens digit of q(-6)?
8
Let f(k) = 3*k**2 + 13 - 8 + 10*k - 4*k**2 - 11. Let h be f(9). What is the tens digit of (-42)/(-3) + (2 - h)?
1
Suppose -124 = -8*n + 20. Suppose -4*d - 3*t + n = d, 3*d - 8 = t. What is the units digit of d?
3
Let y = 1176 - -758. What is the units digit of y?
4
Suppose k = 17 + 8. Suppose -o = 4*o - k. What is the units digit of o/((-15)/(-9)) - -19?
2
Let t = -62 - -22. What is the hundreds digit of (315/4)/((-15)/t)?
2
Let p(f) = 8*f**2 - 7*f + 6. Let g be p(6). Let s = g + -129. What is the tens digit of s?
2
Let y be ((-8)/12)/((-2)/165). Let b = 11 + -34. Let n = b + y. What is the units digit of n?
2
Let w = 408 + -282. What is the hundreds digit of w?
1
Let x(h) = 160*h**2 - h - 1. Let q be x(-1). Let j = 226 - q. What is the units digit of j?
6
Let s(r) = -r**2 - 17*r + 10. Let k be s(-17). Suppose 11*x = k*x + 4. Suppose -x*a - 3*y + 10 = -32, -4*y = a - 4. What is the units digit of a?
2
Let b(o) = 78*o**2 + 28*o + 14. What is the hundreds digit of b(8)?
2
Let q be -7*(8/7)/(-2) - -23. What is the hundreds digit of -1676*(-3)/q + 8/(-36)?
1
Suppose -191*f = -194*f + 3081. What is the hundreds digit of f?
0
What is the hundreds digit of (-2206)/(-4) - (-86)/172?
5
Let l be 10 + (-9 - 4/(32/(-56))). Suppose 4*k = 5*k - 3. Let w = l + k. What is the units digit of w?
1
Let u(v) = -66*v**3 + v**2 + 2*v + 6. What is the hundreds digit of u(-2)?
5
What is the units digit of (-3 - 0)/(15*6/(-1560))?
2
Suppose 7*v - 15*v = -4648. What is the units digit of v?
1
Let o(b) = -b**2 - 10*b - 18. Suppose 49 = 14*l - 21*l. What is the units digit of o(l)?
3
Suppose -16863 = 23*s - 44*s. What is the hundreds digit of s?
8
What is the tens digit of ((-38)/6)/(1/(-141) + 0)?
9
Suppose 3*m = 2*s + 376, 3*m - 3*s - 116 = 2*m. Suppose 4*n - 316 = 4*q + 172, n - 3*q = m. What is the tens digit of n?
1
Suppose 0 = -4*z - 8*z + 72. Suppose z*r = 2*r + 324. What is the units digit of r?
1
What is the units digit of 1*(1621 + 0) - (-81 - -77)?
5
Let c(v) = -124*v**3 + 3*v**2 - 2*v - 3. Let t be c(-1). Suppose -2*p + 118 = 2*r - 5*p, -p = -2*r + t. What is the units digit of r?
5
Suppose n + 3 = 2*n. Suppose 2*j + n*w = j + 5, 5*j = -3*w + 37. Suppose p - 23 = 3*m, -4*m - j = -8*m. What is the tens digit of p?
2
Let q(z) = 18*z**2 + 21*z - 50. What is the thousands digit of q(-10)?
1
Let j = 28 - 6. Let m = j + -61. Let a = 90 + m. What is the units digit of a?
1
Suppose -19*u + 3076 = -7279. What is the tens digit of u?
4
What is the hundreds digit of -7 + (9 - 9) - -462?
4
Let q(p) = 2*p**3 + 26*p**2 - 5*p + 3. Let b(g) = -6*g + 23. Let d be b(6). What is the tens digit of q(d)?
6
What is the thousands digit of 1443 + ((-77)/(-7) - 10)?
1
Suppose 17*c + 9680 = 21*c. What is the units digit of c?
0
Let x(r) = 4*r**2 + 5*r + 7. Suppose 2*q - 3*q - 5 = 0. Let t be x(q). Suppose -6*o + t = -4*o. What is the tens digit of o?
4
What is the units digit of 292 + 2/4*(6 + -6)?
2
Let f(g) = -4*g + 2. Let t be f(1). Let a be -1*(0 + 3 - t). Let n = 10 + a. What is the units digit of n?
5
Let w = -605 + 1173. What is the hundreds digit of w?
5
Let y(z) = 10*z. Let q be y(2). Let d(c) = c**3 - 20*c**2 - c + 22. Let u be d(q). Suppose 0 = -3*o + u*r + 75, 151 = 5*o - r + 26. What is the tens digit of o?
2
Let r = 85 + -60. Let t be 4/30 + 8/(-60). Suppose t*a = a - r. What is the tens digit of a?
2
Let w = -144 + 87. L